{"id":186,"date":"2021-01-27T12:27:20","date_gmt":"2021-01-27T12:27:20","guid":{"rendered":"http:\/\/www.sebel.cz\/index.php\/front-page-english-2\/"},"modified":"2023-02-17T11:44:40","modified_gmt":"2023-02-17T11:44:40","slug":"front-page-english-2","status":"publish","type":"page","link":"https:\/\/www.sebel.cz\/","title":{"rendered":"Front Page &#8211; English"},"content":{"rendered":"<div  data-label=\"About\" data-id=\"about--2\" data-export-id=\"about-images-right-section\" data-category=\"about\" class=\"about-images-right-section content-section content-section-spacing\" id=\"about-2\" style=\"background-color: rgb(245, 250, 253);\"><div  class=\"gridContainer\"> <div  class=\"row middle-sm text-center\"><div  class=\"col-sm-5 content-left-sm\" data-type=\"column\">  <h2  class=\"\" style=\"text-align: left;\">ABOUT US<\/h2> <p  class=\"\" style=\"text-align: left;\">In 1998, Sebel and GE Development were brought together to form a global real estate company.<br >Sebel Development delivers integrated solutions by actively advising, implementing and managing on behalf of owners-occupiers, developers and investors through every stage of the real estate process.<br >Through our network of local partners and contacts, we are able to offer our clients a wide range of investment and development opportunities.<br >We tailor our construction management service to meet the needs of each project, with specialist expertise within the company co-ordinated on planning, architectural and construction issues, as appropriate to bring the project to successful completion.<br >We have the people, resources and systems in place to deliver effective solutions with consistently high levels of service and skills.<\/p> <\/div> <div  class=\"col-sm-7 space-bottom-xs\"><div  class=\"image-group-side-3-img\"> <img decoding=\"async\"  class=\"topimg shadow-large\" src=\"http:\/\/www.sebel.cz\/wp-content\/uploads\/2021\/01\/cropped-cropped-asia-04.jpg\" title=\"cropped-cropped-asia-04.jpg\" alt=\"\"> <img decoding=\"async\"  class=\"rightimg shadow-large\" src=\"http:\/\/www.sebel.cz\/wp-content\/uploads\/2021\/02\/IMG_9617-scaled.jpg\" title=\"IMG_9617\" alt=\"\"> <div  class=\"leftimg\"> <img decoding=\"async\"  class=\"shadow-large\" src=\"http:\/\/www.sebel.cz\/wp-content\/uploads\/2021\/01\/asia-01.jpg\" title=\"asia-01\" alt=\"\"><\/div> <\/div><\/div> <\/div><\/div> <\/div><div  data-label=\"Features\" data-id=\"features--1\" data-export-id=\"features-12\" data-category=\"features\" class=\"features-12 content-section content-section-spacing full-screen-section\" id=\"features-1\" style=\"background-color: rgb(245, 250, 253);\"><div  class=\"gridContainer\"> <div  class=\"row text-center\"><div  class=\"section-title-col\" data-type=\"column\"> <h2  class=\"\" style=\"text-align: left;\"><span  style=\"font-family: &quot;Open Sans&quot;, arial, helvetica, sans-serif;\">SERVICES<\/span><\/h2> <\/div> <\/div> <div  class=\"row spaced-cols\" data-type=\"row\"> <div  class=\"col-sm-6\"> <div  class=\"row space-bottom\"> <div  class=\"col-sm-fit icon-column\"> <i  class=\"fa icon fa-building bordered round color-black\"><\/i> <\/div> <div  class=\"col-sm\" data-type=\"column\"> <h5  class=\"color2\"><span  style=\"color: rgb(52, 58, 64);\">Development consultancy<\/span><span  id=\"_mce_caret\" data-mce-bogus=\"1\" data-mce-type=\"format-caret\"><span  style=\"color: rgb(203, 178, 115);\">\ufeff<\/span><\/span><\/h5> <p  class=\"\" style=\"text-align: left;\">We rely on our research team and on our network of local contacts to identify attractive investment and development opportunities. \r\n<br >We provice value-added advice in evaluating current and forecasting future real estate market conditions and in applying proprietary analytical methodologies to quantify risks \/ rewards.\r\n<br >We have expertise in all major property types.\r\n<br ><br >Our services include:\r\n<br ><br >\u2013 Research and property review\r\n<br >\u2013 Feasibility analysis and strategic advice\r\n<br >\u2013 Due diligence and financial services\r\n<br >\u2013 Indicative cashflow modelling\r\n<br >\u2013 Risk management\r\n<br >\u2013 Valuation for loan security purposes\r\n<br >\u2013 Private investments in real estate properties\r\n<br >\u2013 Investments in public equity and debt securities<\/p><\/div> <\/div><\/div> <div  class=\"col-sm-6\"><div  class=\"row space-bottom\"> <div  class=\"col-sm-fit icon-column\"><i  class=\"fa icon fa-pencil-square-o bordered round color-black\"><\/i><\/div> <div  class=\"col-sm\" data-type=\"column\"><h5  class=\"color2\"><span  style=\"color: rgb(52, 58, 64);\">Project and construction<\/span><\/h5> <p  class=\"\" style=\"text-align: left;\">We provide a full-range of services that address all aspects of development, construction, refurbishment and occupancy of buildings.\r\n<br >We manage the planning and execution of residental commercial and industrial working environments.\r\n<br >From site evaluation to occupancy, our professionals \u2013 architects, engineers and strategic programmers \u2013 provide expert solutions based on years of experience.\r\n<br ><br >Our services include:\r\n<br ><br >\u2013 Architectural study\r\n<br >\u2013 Project planning and construction proceedings\r\n<br >\u2013 Master planning and space planning\r\n<br >\u2013 Design development and technical scheme\r\n<br >\u2013 Contract procurement\r\n<br >\u2013 Construction implementation\r\n<br >\u2013 Building supervision\r\n<br >\u2013 Projects close out and post client care\r\n<br >\u2013&nbsp;Guaranty service<br ><\/p><\/div> <\/div><\/div> <div  class=\"col-sm-6\"><div  class=\"row space-bottom\"> <div  class=\"col-sm-fit icon-column\"><i  class=\"fa icon fa-handshake-o bordered round color-black\"><\/i><\/div> <div  class=\"col-sm\" data-type=\"column\"><h5  class=\"color2\"><span  style=\"color: rgb(52, 58, 64);\">Real estate advisory<\/span><\/h5> <p  class=\"\" style=\"text-align: left;\">We handle all aspects of office agency, development and consultancy work.\r\n<br >We act as agents and advisers to both local and international clients.\r\n<br >Our team is qualified and specialised in competitive market sectors enabling us to use our extensive experience and contacts to achieve rapid results.\r\n<br ><br >Our services include:\r\n<br ><br >\u2013 Market opportunity studies\r\n<br >\u2013 Development strategies and feasibility studies\r\n<br >\u2013 Best use analysis\r\n<br >\u2013 Investment consulting\r\n<br >\u2013 Valuation and appraisal\r\n<br >\u2013 Letting, sales and acquisitions\r\n<br >\u2013 Assistance on financial and legal aspects<\/p><\/div> <\/div><\/div> <div  class=\"col-sm-6\"><div  class=\"row space-bottom\"> <div  class=\"col-sm-fit icon-column\"><a data-cp-link=\"1\" href=\"#\" target=\"_self\" rel=\"noopener\"><i  class=\"fa icon fa-wrench bordered round color-black\"><\/i><\/a><\/div> <div  class=\"col-sm\" data-type=\"column\"><h5  class=\"color2\"><span  style=\"color: rgb(52, 58, 64);\">Property management<\/span><\/h5> <p  class=\"\" style=\"text-align: left;\">We manage multi-use property portfolios for private investors, institutions and property companies. Our goal is to enhance our client\u2019s property values through active day-to-day management that focuses on maintaining high levels of occupancy and tenant satisfaction, while lowering property costs.\r\n<br ><br >Property management\r\n<br >We provide accounting systems, budgeting, planning, operational engineering, personal recruitment.\r\n<br ><br >Our services include:\r\n<br ><br >\u2013 Integrated, quality rental services\r\n<br >\u2013 Regulatory compliance\r\n<br >\u2013 24-hour help line\r\n<br >\u2013 Tenant billing and budgeting\r\n<br >\u2013 Rent collection and accounts payable\r\n<br >\u2013 Financial reporting and customised reports\r\n<br >\u2013 Insurance, warranties, claims\r\n<br >\u2013 Owners association meetings, tax declaration\r\n<br ><br >Facility management\r\n<br >\r\n<br >We offer complete Facility management services, including operational management (facility-related services, maintenance, construction, regulatory compliance and servicing)\r\n<br ><br >Our services include:\r\n<br ><br >\u2013 Electrical maintanence, cabling, elevator\r\n<br >\u2013 HVAC, plumbing\r\n<br >\u2013 Guarding, security, cleaning, gardening\r\n<br >\u2013 Purchase management<\/p><\/div> <\/div><\/div> <\/div><\/div> <\/div><div  data-label=\"References\" data-id=\"about--3\" data-export-id=\"about-9\" data-category=\"about\" class=\"about-9 content-section content-section-spacing\" id=\"references\" style=\"background-color: rgb(245, 250, 253);\"><div  class=\"gridContainer\"> <div  class=\"row middle-sm text-center\"><div  class=\"col-sm-5 space-bottom-xs content-column content-right-sm\" data-type=\"column\">  <h2  class=\"\" style=\"text-align: left;\">REFERENCES&nbsp; &nbsp; &nbsp; &nbsp; &nbsp; &nbsp; &nbsp; &nbsp; &nbsp; &nbsp; &nbsp; &nbsp;<\/h2>  <\/div> <div  class=\"col-sm-7 flexbox flexbox middle-xs center-xs space-bottom-xs\"><div  class=\"overlay-box flexbox middle-xs center-xs overlay-holder \"> <div  class=\"overlay-box-offset offset-background shadow-medium bg-color2 hide-xs\"><\/div> <img decoding=\"async\"  class=\"flexbox shadow-large img1\" src=\"http:\/\/www.sebel.cz\/wp-content\/uploads\/2021\/01\/references_.png\" data-size=\"600x400\" title=\"references_\" alt=\"\"><\/div> <\/div><\/div> <\/div><\/div><div  data-label=\"Contact\" data-id=\"contact--1\" data-export-id=\"contact-1\" data-category=\"contact\" class=\"contact-1 content-section content-section-spacing white-text full-screen-section\" data-parallax-depth=\"20\" id=\"contact-1\" style=\"background-color: rgb(255, 255, 255); background-size: cover; background-position: center top; background-image: url(&quot;http:\/\/www.sebel.cz\/wp-content\/uploads\/2021\/02\/IMG_9612-scaled.jpg&quot;);\"><div  class=\"gridContainer\"> <div  class=\"row text-center\"><div  class=\"section-title-col\" data-type=\"column\"> <h2  class=\"\" style=\"text-align: left;\">CONTACT<\/h2> <p  class=\"lead\" style=\"text-align: left;\">Sebel Development<br >Bubene\u010dsk\u00e1 5, 160 00 Praha 6<br >Czech Republic<br > +420 224 813 644<br >office@sebel.cz<\/p><\/div> <\/div> <div  class=\"row text-center\"> <div  class=\"col-xs-12 col-sm-8 col-sm-offset-2 contact-form-wrapper inline-info\"> <div  class=\"card large-padding\"> <div  class=\"\" data-content-shortcode=\"mesmerize_contact_form shortcode=&quot;wpforms id=&amp;amp;quot;415&amp;amp;quot;&quot;\" data-editable=\"true\"><div class=\"wpforms-container wpforms-container-full\" id=\"wpforms-415\"><form id=\"wpforms-form-415\" class=\"wpforms-validate wpforms-form\" data-formid=\"415\" method=\"post\" enctype=\"multipart\/form-data\" action=\"\/index.php\/wp-json\/wp\/v2\/pages\/186\" data-token=\"ecf82156bf770b293fe91265095c7674\" data-token-time=\"1777122833\"><noscript class=\"wpforms-error-noscript\">Chcete-li vyplnit tento formul\u00e1\u0159, pros\u00edm povolte v prohl\u00ed\u017ee\u010di JavaScript.<\/noscript><div class=\"wpforms-field-container\"><div id=\"wpforms-415-field_0-container\" class=\"wpforms-field wpforms-field-name\" data-field-id=\"0\"><label class=\"wpforms-field-label\" for=\"wpforms-415-field_0\"> Name <span class=\"wpforms-required-label\">*<\/span><\/label><input type=\"text\" id=\"wpforms-415-field_0\" class=\"wpforms-field-medium wpforms-field-required\" name=\"wpforms[fields][0]\" required><\/div><div id=\"wpforms-415-field_1-container\" class=\"wpforms-field wpforms-field-email\" data-field-id=\"1\"><label class=\"wpforms-field-label\" for=\"wpforms-415-field_1\">E-mail <span class=\"wpforms-required-label\">*<\/span><\/label><input type=\"email\" id=\"wpforms-415-field_1\" class=\"wpforms-field-medium wpforms-field-required\" name=\"wpforms[fields][1]\" spellcheck=\"false\" required><\/div><div id=\"wpforms-415-field_2-container\" class=\"wpforms-field wpforms-field-textarea\" data-field-id=\"2\"><label class=\"wpforms-field-label\" for=\"wpforms-415-field_2\">Message <span class=\"wpforms-required-label\">*<\/span><\/label><textarea id=\"wpforms-415-field_2\" class=\"wpforms-field-medium wpforms-field-required\" name=\"wpforms[fields][2]\" required><\/textarea><\/div><\/div><!-- .wpforms-field-container --><div class=\"wpforms-recaptcha-container wpforms-is-recaptcha wpforms-is-recaptcha-type-v2\" ><div class=\"g-recaptcha\" data-sitekey=\"6Lc34IwkAAAAALYLd15ohLPlJid_ZoYin_nxvw0o\"><\/div><input type=\"text\" name=\"g-recaptcha-hidden\" class=\"wpforms-recaptcha-hidden\" style=\"position:absolute!important;clip:rect(0,0,0,0)!important;height:1px!important;width:1px!important;border:0!important;overflow:hidden!important;padding:0!important;margin:0!important;\" data-rule-recaptcha=\"1\"><\/div><div class=\"wpforms-submit-container\" ><input type=\"hidden\" name=\"wpforms[id]\" value=\"415\"><input type=\"hidden\" name=\"page_title\" value=\"\"><input type=\"hidden\" name=\"page_url\" value=\"https:\/\/www.sebel.cz\/index.php\/wp-json\/wp\/v2\/pages\/186\"><input type=\"hidden\" name=\"url_referer\" value=\"\"><button type=\"submit\" name=\"wpforms[submit]\" id=\"wpforms-submit-415\" class=\"wpforms-submit\" aria-live=\"assertive\" value=\"wpforms-submit\">Send<\/button><\/div><\/form><\/div>  <!-- .wpforms-container --><\/div><\/div> <\/div><\/div> <\/div><\/div>","protected":false},"excerpt":{"rendered":"<p>ABOUT US In 1998, Sebel and GE Development were brought together to form a global real estate company.Sebel Development delivers integrated solutions by actively advising, implementing and managing on behalf of owners-occupiers, developers and investors through every stage of the real estate process.Through our network of local partners and contacts, we are able to offer&hellip; <br \/> <a class=\"read-more\" href=\"https:\/\/www.sebel.cz\/\">V\u00edce<\/a><\/p>\n","protected":false},"author":1,"featured_media":0,"parent":0,"menu_order":0,"comment_status":"closed","ping_status":"closed","template":"","meta":{"footnotes":""},"class_list":["post-186","page","type-page","status-publish","hentry"],"_links":{"self":[{"href":"https:\/\/www.sebel.cz\/index.php\/wp-json\/wp\/v2\/pages\/186","targetHints":{"allow":["GET"]}}],"collection":[{"href":"https:\/\/www.sebel.cz\/index.php\/wp-json\/wp\/v2\/pages"}],"about":[{"href":"https:\/\/www.sebel.cz\/index.php\/wp-json\/wp\/v2\/types\/page"}],"author":[{"embeddable":true,"href":"https:\/\/www.sebel.cz\/index.php\/wp-json\/wp\/v2\/users\/1"}],"replies":[{"embeddable":true,"href":"https:\/\/www.sebel.cz\/index.php\/wp-json\/wp\/v2\/comments?post=186"}],"version-history":[{"count":34,"href":"https:\/\/www.sebel.cz\/index.php\/wp-json\/wp\/v2\/pages\/186\/revisions"}],"predecessor-version":[{"id":492,"href":"https:\/\/www.sebel.cz\/index.php\/wp-json\/wp\/v2\/pages\/186\/revisions\/492"}],"wp:attachment":[{"href":"https:\/\/www.sebel.cz\/index.php\/wp-json\/wp\/v2\/media?parent=186"}],"curies":[{"name":"wp","href":"https:\/\/api.w.org\/{rel}","templated":true}]}}